 47 - 10 = 0. What is the remainder when 36 is divided by q?
17
Let x(y) = y**3 + 9*y**2 + 8*y - 3. Suppose 2*i + m - 48 = -m, -i + 12 = -3*m. Calculate the remainder when x(-7) is divided by i.
18
Let p = 6 - 17. What is the remainder when p/(0 + 3/(-6)) is divided by 8?
6
Let d(t) = 8*t + 1. Let c(k) = 5*k. What is the remainder when c(7) is divided by d(1)?
8
Let v(i) = -i**3 - 4*i**2 + 2*i + 3. Let y be v(-4). Suppose 4*c + 8 = 0, -q = -3*c + c - 11. Calculate the remainder when (-38)/y*(-50)/(-20) is divided by q.
5
Let k(q) = -q - 2. Let f be k(6). Let p = 1 - f. Let u = 21 + 4. What is the remainder when u is divided by p?
7
Let a = -26 - -108. Let k = -59 + a. Calculate the remainder when 45 is divided by k.
22
Calculate the remainder when 101 is divided by -1 - 54/(-4 - -2).
23
Suppose 5*r - 5*z = -z + 10, -z = r - 2. Suppose 4*d + 24 = -4*c, 3*d + 0*d + 4*c = -18. What is the remainder when (-3)/r*40/d is divided by 6?
4
Let v(l) = -16*l + 1. Let c be v(-1). Let f = c - 11. What is the remainder when 22 is divided by f?
4
Suppose 0 = 4*v, q + 3*q + 4*v = 48. Calculate the remainder when q is divided by ((-7)/2)/((-3)/6).
5
Suppose -3*c + 9 + 0 = 0. What is the remainder when 13 is divided by (15/10)/(c/6)?
1
Let s = 49 + -15. What is the remainder when s is divided by (-8)/1*(-3)/2?
10
Let x(g) = -g**2 - 8*g. Suppose 4*b - 22 = 70. What is the remainder when b is divided by x(-6)?
11
Let o(w) = -w**3 - 8*w**2 - 7*w - 9. Let s be o(-7). Calculate the remainder when (s/2)/((-9)/54) is divided by 10.
7
Suppose 75 - 37 = 2*c. Suppose -6*f = -3*i - f + 113, 0 = -5*i - 3*f + 177. What is the remainder when i is divided by c?
17
Let l(y) = -7*y + 6. Let b be l(-8). Suppose 5*d = 13 + b. What is the remainder when d is divided by 4?
3
Suppose 4 - 16 = -3*z. Suppose -3*v - 4*p + 14 = 0, -4*p - 44 = -z*v - 3*p. Calculate the remainder when 18 is divided by v.
8
Let p be (-1)/((3 - 2)/(-5)). Let r(x) = x**2 + 2*x + 6. Let d(g) = -g**2. Let i(s) = -2*d(s) - r(s). What is the remainder when 16 is divided by i(p)?
7
Suppose -298 - 122 = -5*g. Suppose 4*z = z + g. Calculate the remainder when z is divided by 10.
8
Let t(l) = 13*l - 1. Suppose 2*x = -2*d, d + 4*x - 1 = 5. Calculate the remainder when t(2) is divided by (-1 + 4)/(d/(-6)).
7
Suppose -p = -5*p + l + 8, -5*p + 10 = 2*l. Suppose d - 2*s - 19 = -p*d, 2*d - 19 = -5*s. What is the remainder when 12 is divided by d?
5
Let w be (-4)/(-6) - 102/18. Let u be (-3 - w) + (-1 - 4). Let s(v) = 2*v**2 - v - 4. What is the remainder when s(u) is divided by 9?
8
Let q(a) = -4*a + 3. Let g be q(3). What is the remainder when (6/g)/((-8)/396) is divided by 9?
6
Suppose -12 = -2*h + 4. Calculate the remainder when 30 is divided by h.
6
Suppose 4*g = 6*g - 6. Let w(b) = 6*b**2. What is the remainder when w(1) is divided by g?
0
Let k = -3 - -16. Calculate the remainder when k is divided by 8.
5
Let w(m) = 6*m - 17. Calculate the remainder when 46 is divided by w(7).
21
Let w(y) = -y**3 + 15*y**2 - 19*y - 1. Let b be w(13). Suppose 0 = -2*m - 4*u + 52, -6*m - 2*u = -m - b. Calculate the remainder when m is divided by 9.
7
Let m(i) = -2*i**2 - 6*i + 4. Let j be m(-5). Let o = -1 - 5. Let v = o - j. What is the remainder when v is divided by 6?
4
Let h = 8 + 32. Suppose 0*a - 5*u = -2*a + 47, 5*a - 77 = -u. Let w = a - 2. What is the remainder when h is divided by w?
12
Let g(t) = 20*t - 12. Calculate the remainder when g(4) is divided by 14.
12
Calculate the remainder when -1 - -3 - (-24)/3 is divided by 6.
4
Let c(l) = -l**2 + 8*l - 7. Calculate the remainder when 13 is divided by c(5).
5
Let t(w) = w + 1. Let i = -2 + 4. What is the remainder when 3 is divided by t(i)?
0
Let z = 22 - 8. Let v(i) = i**3 + 10*i**2 + 12*i + 7. Calculate the remainder when v(-8) is divided by z.
11
Suppose 0 = w - 50 - 12. Calculate the remainder when w is divided by 32.
30
Suppose 4 = 2*a + 2*m, 2*a + 0*m - 2*m = 16. Calculate the remainder when (-3)/6 - (-17)/2 is divided by a.
3
Suppose -2*w + 8 = 3*o + 2*o, -w + 4 = o. Suppose o = 3*a + 5*y - 0*y + 13, -a - 5*y = 21. What is the remainder when 13 is divided by a?
1
Let k(l) = 2*l - 3*l + 9*l. What is the remainder when 47 is divided by k(2)?
15
Let z be ((-1)/2)/((-7)/42). Suppose -4*u = z*d + 21 - 6, -10 = 4*u + 2*d. Suppose 4 = 2*l - u. Calculate the remainder when 3 is divided by l.
1
Let g(t) = -t**2 + 14*t - 2. Calculate the remainder when 64 is divided by g(13).
9
Let d(n) = 2*n**2 + 0*n + 0 - 2*n + 3. Let t be d(2). Let g = 28 + t. Calculate the remainder when g is divided by 12.
11
Let k = 20 + -13. Let m(p) = 8*p**2 + 4*p + p - 3*p + 3 - p**3. What is the remainder when m(8) is divided by k?
5
Let v be (-23)/(-3 + -1 + 3). Let t = -13 + v. Calculate the remainder when t is divided by 3.
1
Let v(w) = -w**2 + 26*w - 14. Calculate the remainder when v(24) is divided by 9.
7
Let q(l) = -l**3 + 13*l**2 + 5*l - 13. Calculate the remainder when q(13) is divided by 18.
16
Let o(b) = 6*b**2 - 8*b + 6. What is the remainder when o(3) is divided by 19?
17
Suppose 0 = 5*b - j - 2*j - 18, 5*j = -3*b + 38. What is the remainder when 28 is divided by b?
4
Suppose -4*w = t + w - 3, 0 = 3*t - 4*w + 86. Let f = t - -53. Calculate the remainder when 61 is divided by f.
30
Calculate the remainder when ((-7)/6)/(7/(-42)) is divided by 5.
2
Calculate the remainder when (-2409)/(-77) + 4/(-14) is divided by 17.
14
Suppose -30 = 3*w + 45. Let l = w - -53. Suppose 20 + 10 = 2*u. What is the remainder when l is divided by u?
13
Let h = 9 + -6. Let o(y) = 7*y - 4. Suppose -i + 5*i - 24 = 0. What is the remainder when o(h) is divided by i?
5
Let x = 72 + -51. Suppose -m - 4*m = -a - 9, -2*a - 4 = -3*m. Let k = a + 5. What is the remainder when x is divided by k?
3
Suppose 156 = 7*j - 3*j. Suppose 0*k - 10 = -k. Calculate the remainder when j is divided by k.
9
Suppose -3*k + 97 = 1. What is the remainder when k is divided by 11?
10
Suppose 0 = -5*r + 151 - 1. What is the remainder when 86 is divided by r?
26
Let k = 33 - 15. Let g = -102 + 107. Calculate the remainder when k is divided by g.
3
Suppose -4*f + 112 = 4*f. Calculate the remainder when 53 is divided by f.
11
Suppose -4*f + 0*f = 0. Let c = 38 + -2. Suppose -y = -f*y - c. What is the remainder when y is divided by 19?
17
Let g(r) = 2*r**2 + 4*r + 2. What is the remainder when g(4) is divided by 13?
11
Suppose 6*a - a + 2*s = 20, 0 = -2*s. Let f = -17 + 24. Calculate the remainder when f is divided by a.
3
Let m be ((-3)/(-4))/((-3)/12). What is the remainder when 86/4 + 6/(-4) is divided by (22/(-6))/(1/m)?
9
Let u = 73 - 40. Suppose 4*m - 19 - u = 0. What is the remainder when m is divided by 4?
1
Calculate the remainder when (-38)/(-3 + 6 - 4) is divided by 10.
8
Suppose -4*w - 3*v + 16 = 0, 2*w - 8 = -0*w + 2*v. Suppose 0 = -3*n + 5*f - 3*f + 24, -5*f = 15. What is the remainder when n is divided by w?
2
Suppose -2*c - c = -60. Calculate the remainder when -3 + 2 + c + 2 is divided by 6.
3
Suppose -5*t + 8 = 3*u, -5*t + 27 = u + 11. Suppose -6 - 10 = -t*s. What is the remainder when 10 is divided by s?
2
Let p(f) = -f**2 - 5*f + 4. What is the remainder when (-6)/(-8) + 175/28 is divided by p(-5)?
3
Let b(k) = k - 8. Let c be b(6). Let l be 5 - (-2)/4*c. Suppose 0 = -5*n + 4*o + 47, 2*n + 5*o = l*o + 11. Calculate the remainder when 12 is divided by n.
5
Let r = 65 + -43. What is the remainder when 86 is divided by r?
20
Let h = 35 - 79. Calculate the remainder when -2 - h - (-2 - -2) is divided by 15.
12
Suppose -4*z - 3 = 3*h - 53, -2*h - 7 = -z. Let k(r) = r**2 - 10*r + 10. What is the remainder when k(z) is divided by 12?
9
Let t(o) = 2*o. Let y(r) = -r - 1. Let f(z) = -t(z) - 3*y(z). Calculate the remainder when 23 is divided by f(3).
5
Suppose -2*c + 0*c = -64. Suppose -c = -g - g. What is the remainder when 31 is divided by g?
15
Let o(n) = -n**3 - 6*n**2 - 4*n - 9. What is the remainder when o(-6) is divided by 8?
7
Let i(v) = 21*v - 3. Let b be i(5). Let n = 169 - b. Suppose x + 0*w - 35 = 3*w, 2*x - 66 = 5*w. What is the remainder when n is divided by x?
21
Suppose j + 3*j = 4. Let u be -2 - (-1)/(j/43). Let y = -12 + u. Calculate the remainder when y is divided by 10.
9
Let d be (-6 + 0)*(-1)/3. Suppose -d*u = 